culate the remainder when 277 is divided by 137.
3
Calculate the remainder when 602 is divided by 170.
92
Calculate the remainder when 130 is divided by 73.
57
What is the remainder when 47 is divided by 30?
17
What is the remainder when 1194 is divided by 86?
76
What is the remainder when 278 is divided by 20?
18
Calculate the remainder when 7185 is divided by 79.
75
What is the remainder when 423 is divided by 53?
52
What is the remainder when 4757 is divided by 35?
32
What is the remainder when 53 is divided by 20?
13
Calculate the remainder when 1884 is divided by 82.
80
Calculate the remainder when 3930 is divided by 69.
66
What is the remainder when 397 is divided by 147?
103
What is the remainder when 1798 is divided by 446?
14
What is the remainder when 313 is divided by 21?
19
Calculate the remainder when 36 is divided by 8.
4
What is the remainder when 77 is divided by 7?
0
What is the remainder when 636 is divided by 71?
68
Calculate the remainder when 91 is divided by 47.
44
What is the remainder when 578 is divided by 117?
110
What is the remainder when 68 is divided by 23?
22
Calculate the remainder when 43 is divided by 13.
4
What is the remainder when 424 is divided by 59?
11
What is the remainder when 75 is divided by 64?
11
Calculate the remainder when 872 is divided by 73.
69
Calculate the remainder when 319 is divided by 36.
31
What is the remainder when 128 is divided by 27?
20
Calculate the remainder when 507 is divided by 243.
21
Calculate the remainder when 899 is divided by 821.
78
Calculate the remainder when 73 is divided by 19.
16
Calculate the remainder when 192 is divided by 39.
36
Calculate the remainder when 2004 is divided by 48.
36
Calculate the remainder when 2229 is divided by 97.
95
Calculate the remainder when 317 is divided by 57.
32
Calculate the remainder when 153 is divided by 11.
10
Calculate the remainder when 1277 is divided by 5.
2
What is the remainder when 66 is divided by 62?
4
What is the remainder when 3125 is divided by 68?
65
Calculate the remainder when 1293 is divided by 35.
33
What is the remainder when 588 is divided by 144?
12
Calculate the remainder when 196 is divided by 50.
46
Calculate the remainder when 177 is divided by 168.
9
What is the remainder when 338 is divided by 85?
83
Calculate the remainder when 105 is divided by 30.
15
Calculate the remainder when 1685 is divided by 67.
10
Calculate the remainder when 17427 is divided by 35.
32
What is the remainder when 696 is divided by 329?
38
What is the remainder when 12205 is divided by 39?
37
Calculate the remainder when 115 is divided by 53.
9
What is the remainder when 179 is divided by 90?
89
Calculate the remainder when 182 is divided by 19.
11
What is the remainder when 372 is divided by 37?
2
What is the remainder when 269 is divided by 8?
5
Calculate the remainder when 237 is divided by 30.
27
Calculate the remainder when 853 is divided by 57.
55
Calculate the remainder when 865 is divided by 8.
1
What is the remainder when 408 is divided by 52?
44
What is the remainder when 407 is divided by 361?
46
What is the remainder when 1006 is divided by 16?
14
What is the remainder when 639 is divided by 27?
18
Calculate the remainder when 3001 is divided by 7.
5
What is the remainder when 593 is divided by 144?
17
Calculate the remainder when 136 is divided by 47.
42
Calculate the remainder when 82 is divided by 31.
20
Calculate the remainder when 765 is divided by 758.
7
Calculate the remainder when 25787 is divided by 35.
27
What is the remainder when 1059 is divided by 18?
15
Calculate the remainder when 1112 is divided by 43.
37
What is the remainder when 23 is divided by 7?
2
Calculate the remainder when 493 is divided by 161.
10
What is the remainder when 270 is divided by 13?
10
Calculate the remainder when 256 is divided by 43.
41
What is the remainder when 2803 is divided by 134?
123
Calculate the remainder when 8377 is divided by 5.
2
Calculate the remainder when 6148 is divided by 1024.
4
Calculate the remainder when 1618 is divided by 30.
28
What is the remainder when 128 is divided by 12?
8
Calculate the remainder when 182 is divided by 23.
21
Calculate the remainder when 261 is divided by 6.
3
Calculate the remainder when 6765 is divided by 2243.
36
What is the remainder when 3155 is divided by 117?
113
What is the remainder when 72 is divided by 62?
10
Calculate the remainder when 1289 is divided by 139.
38
Calculate the remainder when 658 is divided by 49.
21
What is the remainder when 208 is divided by 35?
33
What is the remainder when 267 is divided by 10?
7
What is the remainder when 93 is divided by 32?
29
What is the remainder when 3462 is divided by 348?
330
Calculate the remainder when 456 is divided by 122.
90
Calculate the remainder when 37 is divided by 14.
9
What is the remainder when 190 is divided by 73?
44
What is the remainder when 798 is divided by 110?
28
What is the remainder when 562 is divided by 18?
4
Calculate the remainder when 409 is divided by 46.
41
Calculate the remainder when 1400 is divided by 12.
8
What is the remainder when 966 is divided by 97?
93
What is the remainder when 186 is divided by 3?
0
What is the remainder when 669 is divided by 201?
66
Calculate the remainder when 586 is divided by 533.
53
What is the remainder when 47 is divided by 2?
1
What is the remainder when 3035 is divided by 66?
65
What is the remainder when 208 is divided by 71?
66
What is the remainder when 165 is divided by 29?
20
Calculate the remainder when 305 is divided by 11.
8
What is the remainder when 835 is divided by 70?
65
What is the remainder when 24161 is divided by 169?
163
Calculate the remainder when 102 is divided by 79.
23
What is the remainder when 14487 is divided by 23?
20
Calculate the remainder when 3248 is divided by 105.
98
What is the remainder when 2962 is divided by 22?
14
Calculate the remainder when 99 is divided by 22.
11
What is the remainder when 286 is divided by 24?
22
What is the remainder when 1972 is divided by 42?
40
Calculate the remainder when 685 is divided by 206.
67
What is the remainder when 203 is divided by 54?
41
Calculate the remainder when 258 is divided by 77.
27
What is the remainder when 516 is divided by 14?
12
What is the remainder when 182 is divided by 74?
34
Calculate the remainder when 1730 is divided by 346.
0
Calculate the remainder when 138 is divided by 11.
6
What is the remainder when 6650 is divided by 45?
35
What is the remainder when 11653 is divided by 212?
205
What is the remainder when 244 is divided by 8?
4
What is the remainder when 3692 is divided by 28?
24
What is the remainder when 244 is divided by 89?
66
Calculate the remainder when 556 is divided by 18.
16
What is the remainder when 188 is divided by 31?
2
What is the remainder when 2065 is divided by 228?
13
Calculate the remainder when 111 is divided by 36.
3
Calculate the remainder when 231 is divided by 197.
34
What is the remainder when 335 is divided by 42?
41
What is the remainder when 1165 is divided by 130?
125
What is the remainder when 49 is divided by 22?
5
What is the remainder when 53 is divided by 19?
15
Calculate the remainder when 2274 is divided by 33.
30
What is the remainder when 629 is divided by 45?
44
Calculate the remainder when 58 is divided by 14.
2
What is the remainder when 716 is divided by 713?
3
Calculate the remainder when 22182 is divided by 87.
84
What is the remainder when 7318 is divided by 30?
28
What is the remainder when 285 is divided by 48?
45
What is the remainder when 599 is divided by 43?
40
What is the remainder when 4258 is divided by 1417?
7
What is the remainder when 813 is divided by 75?
63
Calculate the remainder when 662 is divided by 656.
6
Calculate the remainder when 39 is divided by 4.
3
Calculate the remainder when 502 is divided by 21.
19
Calculate the remainder when 5495 is divided by 262.
255
What is the remainder when 529 is divided by 38?
35
Calculate the remainder when 5428 is divided by 201.
1
What is the remainder when 186 is divided by 4?
2
What is the remainder when 185 is divided by 9?
5
What is the remainder when 252 is divided by 95?
62
What is the remainder when 181 is divided by 46?
43
What is the remainde